hest common factor of 1575 and 1800.
225
What is the greatest common factor of 327 and 36?
3
Calculate the greatest common factor of 45787 and 14.
7
Calculate the greatest common divisor of 6380 and 44.
44
What is the highest common divisor of 462 and 18?
6
What is the highest common divisor of 54 and 798?
6
What is the highest common divisor of 6678 and 84?
42
Calculate the greatest common factor of 174 and 19488.
174
Calculate the greatest common divisor of 22 and 1738.
22
What is the highest common factor of 19 and 209?
19
What is the highest common factor of 47 and 2209?
47
What is the highest common divisor of 1410 and 150?
30
Calculate the greatest common factor of 114 and 354.
6
Calculate the greatest common factor of 22191 and 39.
39
Calculate the greatest common factor of 12 and 516.
12
What is the greatest common divisor of 153 and 68?
17
Calculate the highest common factor of 76 and 532.
76
What is the highest common divisor of 2 and 106?
2
What is the highest common divisor of 270 and 560?
10
Calculate the greatest common factor of 3097 and 19.
19
Calculate the greatest common divisor of 80 and 56.
8
Calculate the greatest common divisor of 245 and 1078.
49
Calculate the highest common factor of 169 and 13.
13
What is the highest common factor of 7943 and 47?
47
What is the greatest common factor of 618 and 6?
6
What is the greatest common divisor of 50 and 1630?
10
Calculate the highest common divisor of 201 and 27537.
201
What is the highest common divisor of 8 and 556?
4
Calculate the greatest common divisor of 155 and 2945.
155
Calculate the greatest common divisor of 17 and 153.
17
What is the greatest common divisor of 248 and 1147?
31
Calculate the highest common divisor of 610 and 671.
61
Calculate the highest common factor of 8770 and 40.
10
What is the highest common divisor of 51 and 85?
17
What is the greatest common factor of 73 and 803?
73
Calculate the greatest common factor of 112 and 64.
16
Calculate the greatest common factor of 1 and 67.
1
What is the greatest common divisor of 9 and 423?
9
What is the highest common divisor of 17112 and 24?
24
Calculate the highest common factor of 1446 and 21.
3
Calculate the highest common factor of 60 and 1280.
20
What is the highest common factor of 15972 and 132?
132
Calculate the highest common divisor of 168 and 384.
24
What is the highest common factor of 135 and 2985?
15
Calculate the highest common divisor of 22 and 1298.
22
What is the highest common divisor of 28 and 72?
4
Calculate the greatest common divisor of 4 and 3028.
4
What is the highest common factor of 135 and 621?
27
What is the greatest common factor of 16 and 5176?
8
What is the highest common factor of 667 and 92?
23
What is the highest common factor of 97542 and 18?
18
Calculate the highest common factor of 1221 and 33.
33
Calculate the highest common divisor of 8810 and 20.
10
What is the greatest common divisor of 8 and 194?
2
Calculate the highest common factor of 2418 and 416.
26
What is the greatest common factor of 1541 and 134?
67
Calculate the greatest common divisor of 54 and 135.
27
Calculate the greatest common divisor of 266 and 126.
14
What is the greatest common factor of 851 and 111?
37
What is the highest common factor of 36 and 27?
9
What is the highest common factor of 45 and 60?
15
Calculate the greatest common factor of 752 and 64.
16
Calculate the greatest common factor of 30 and 40.
10
Calculate the greatest common divisor of 8 and 3756.
4
Calculate the highest common divisor of 1836 and 396.
36
Calculate the greatest common factor of 228 and 156.
12
What is the greatest common divisor of 76 and 46?
2
Calculate the greatest common divisor of 10240 and 16.
16
What is the highest common divisor of 11 and 319?
11
Calculate the highest common divisor of 897 and 78.
39
Calculate the highest common factor of 378 and 54.
54
What is the highest common factor of 8 and 94?
2
Calculate the greatest common divisor of 52 and 392.
4
What is the highest common divisor of 248 and 155?
31
Calculate the highest common factor of 92 and 506.
46
Calculate the greatest common factor of 75 and 465.
15
Calculate the highest common factor of 141 and 6.
3
Calculate the highest common factor of 36 and 24924.
12
What is the highest common factor of 50 and 1575?
25
What is the greatest common divisor of 6 and 8994?
6
What is the greatest common divisor of 88 and 32?
8
Calculate the highest common factor of 748 and 44.
44
Calculate the greatest common divisor of 138 and 72.
6
What is the highest common divisor of 3 and 303?
3
Calculate the greatest common factor of 34 and 170.
34
What is the greatest common divisor of 20 and 8896?
4
Calculate the greatest common factor of 40 and 70.
10
What is the highest common factor of 60 and 156?
12
What is the highest common factor of 625 and 150?
25
Calculate the highest common factor of 80 and 440.
40
What is the highest common divisor of 19 and 1?
1
What is the greatest common factor of 15 and 120?
15
Calculate the highest common factor of 136 and 476.
68
What is the highest common factor of 19386 and 54?
54
Calculate the highest common factor of 60 and 780.
60
What is the greatest common divisor of 1392 and 87?
87
Calculate the highest common divisor of 22020 and 60.
60
What is the greatest common factor of 900 and 36?
36
What is the highest common factor of 270 and 54?
54
What is the greatest common divisor of 125 and 3025?
25
What is the greatest common divisor of 224 and 308?
28
What is the highest common factor of 1494 and 36?
18
Calculate the greatest common factor of 2321 and 1477.
211
Calculate the highest common factor of 182 and 448.
14
Calculate the highest common divisor of 11221 and 49.
49
What is the highest common factor of 122 and 2989?
61
What is the highest common divisor of 180 and 270?
90
What is the greatest common factor of 21 and 371?
7
What is the greatest common factor of 6 and 150?
6
Calculate the greatest common divisor of 2840 and 120.
40
Calculate the highest common divisor of 312 and 48.
24
Calculate the greatest common divisor of 102 and 3026.
34
What is the highest common factor of 152 and 216?
8
What is the greatest common divisor of 14 and 994?
14
Calculate the greatest common factor of 3094 and 4046.
238
What is the greatest common factor of 9492 and 21?
21
What is the highest common divisor of 462 and 168?
42
Calculate the greatest common divisor of 12584 and 176.
88
Calculate the greatest common divisor of 902 and 22.
22
Calculate the greatest common divisor of 18 and 2718.
18
What is the greatest common factor of 33 and 473?
11
Calculate the highest common divisor of 429 and 165.
33
What is the highest common factor of 100 and 3100?
100
What is the highest common factor of 8 and 648?
8
Calculate the greatest common factor of 357 and 21.
21
What is the highest common divisor of 96 and 24?
24
Calculate the greatest common factor of 13975 and 130.
65
Calculate the highest common divisor of 27 and 531.
9
What is the highest common divisor of 159 and 424?
53
Calculate the highest common divisor of 100 and 1980.
20
What is the highest common factor of 442 and 182?
26
What is the greatest common factor of 72 and 2516?
4
Calculate the greatest common factor of 378 and 10017.
189
Calculate the greatest common factor of 45 and 18390.
15
What is the greatest common factor of 12278 and 28?
14
Calculate the highest common factor of 48 and 1812.
12
Calculate the highest common factor of 20 and 13030.
10
What is the greatest common divisor of 42 and 174?
6
Calculate the greatest common factor of 455 and 741.
13
Calculate the greatest common divisor of 1152 and 224.
32
What is the highest common factor of 31647 and 385?
77
Calculate the greatest common divisor of 4 and 662.
2
What is the greatest common factor of 129 and 6?
3
What is the greatest common divisor of 224 and 512?
32
What is the greatest common factor of 48 and 14652?
12
What is the greatest common factor of 2696 and 8?
8
What is the greatest common factor of 25 and 400?
25
What is the highest common divisor of 64 and 928?
32
What is the greatest common divisor of 2172 and 12?
12
Calculate the highest common factor of 24 and 3540.
12
What is the highest common divisor of 58 and 